{"id":9,"date":"2022-10-27T17:08:58","date_gmt":"2022-10-27T17:08:58","guid":{"rendered":"https:\/\/blogeconomistas.pt\/25anos\/?post_type=eventos&#038;p=9"},"modified":"2024-07-26T12:23:40","modified_gmt":"2024-07-26T12:23:40","slug":"sessao-de-abertura-das-comemoracoes-dos-25-anos","status":"publish","type":"eventos","link":"https:\/\/blogeconomistas.pt\/25anos\/eventos\/sessao-de-abertura-das-comemoracoes-dos-25-anos\/","title":{"rendered":"Sess\u00e3o de abertura das Comemora\u00e7\u00f5es dos 25 anos"},"featured_media":30,"template":"","class_list":["post-9","eventos","type-eventos","status-publish","has-post-thumbnail","hentry"],"_links":{"self":[{"href":"https:\/\/blogeconomistas.pt\/25anos\/wp-json\/wp\/v2\/eventos\/9","targetHints":{"allow":["GET"]}}],"collection":[{"href":"https:\/\/blogeconomistas.pt\/25anos\/wp-json\/wp\/v2\/eventos"}],"about":[{"href":"https:\/\/blogeconomistas.pt\/25anos\/wp-json\/wp\/v2\/types\/eventos"}],"wp:featuredmedia":[{"embeddable":true,"href":"https:\/\/blogeconomistas.pt\/25anos\/wp-json\/wp\/v2\/media\/30"}],"wp:attachment":[{"href":"https:\/\/blogeconomistas.pt\/25anos\/wp-json\/wp\/v2\/media?parent=9"}],"curies":[{"name":"wp","href":"https:\/\/api.w.org\/{rel}","templated":true}]}}

Sessão de abertura das Comemorações dos 25 anos
