{"id":376,"date":"2023-10-04T00:35:08","date_gmt":"2023-10-04T00:35:08","guid":{"rendered":"https:\/\/blogeconomistas.pt\/25anos\/?post_type=eventos&#038;p=376"},"modified":"2024-07-25T00:40:05","modified_gmt":"2024-07-25T00:40:05","slug":"conferencia-das-furnas-e-economista-emerito-jose-manuel-monteiro-da-silva","status":"publish","type":"eventos","link":"https:\/\/blogeconomistas.pt\/25anos\/eventos\/conferencia-das-furnas-e-economista-emerito-jose-manuel-monteiro-da-silva\/","title":{"rendered":"Confer\u00eancia das Furnas e Economista Em\u00e9rito Jos\u00e9 Manuel Monteiro da Silva"},"featured_media":389,"template":"","class_list":["post-376","eventos","type-eventos","status-publish","has-post-thumbnail","hentry"],"_links":{"self":[{"href":"https:\/\/blogeconomistas.pt\/25anos\/wp-json\/wp\/v2\/eventos\/376","targetHints":{"allow":["GET"]}}],"collection":[{"href":"https:\/\/blogeconomistas.pt\/25anos\/wp-json\/wp\/v2\/eventos"}],"about":[{"href":"https:\/\/blogeconomistas.pt\/25anos\/wp-json\/wp\/v2\/types\/eventos"}],"wp:featuredmedia":[{"embeddable":true,"href":"https:\/\/blogeconomistas.pt\/25anos\/wp-json\/wp\/v2\/media\/389"}],"wp:attachment":[{"href":"https:\/\/blogeconomistas.pt\/25anos\/wp-json\/wp\/v2\/media?parent=376"}],"curies":[{"name":"wp","href":"https:\/\/api.w.org\/{rel}","templated":true}]}}

Conferência das Furnas e Economista Emérito José Manuel Monteiro da Silva
