{"id":177,"date":"2022-11-29T19:49:05","date_gmt":"2022-11-29T19:49:05","guid":{"rendered":"https:\/\/blogeconomistas.pt\/25anos\/?post_type=eventos&#038;p=177"},"modified":"2024-07-24T23:40:40","modified_gmt":"2024-07-24T23:40:40","slug":"da-problematica-da-agua-no-mundo-ao-caso-especifico-de-portugal","status":"publish","type":"eventos","link":"https:\/\/blogeconomistas.pt\/25anos\/eventos\/da-problematica-da-agua-no-mundo-ao-caso-especifico-de-portugal\/","title":{"rendered":"Da Problem\u00e1tica da \u00c1gua no Mundo ao caso espec\u00edfico de Portugal"},"featured_media":186,"template":"","class_list":["post-177","eventos","type-eventos","status-publish","has-post-thumbnail","hentry"],"_links":{"self":[{"href":"https:\/\/blogeconomistas.pt\/25anos\/wp-json\/wp\/v2\/eventos\/177","targetHints":{"allow":["GET"]}}],"collection":[{"href":"https:\/\/blogeconomistas.pt\/25anos\/wp-json\/wp\/v2\/eventos"}],"about":[{"href":"https:\/\/blogeconomistas.pt\/25anos\/wp-json\/wp\/v2\/types\/eventos"}],"wp:featuredmedia":[{"embeddable":true,"href":"https:\/\/blogeconomistas.pt\/25anos\/wp-json\/wp\/v2\/media\/186"}],"wp:attachment":[{"href":"https:\/\/blogeconomistas.pt\/25anos\/wp-json\/wp\/v2\/media?parent=177"}],"curies":[{"name":"wp","href":"https:\/\/api.w.org\/{rel}","templated":true}]}}

Da Problemática da Água no Mundo ao caso específico de Portugal
